3 + 654*w**2 + 2*w - 1. Determine o(2).
59
Let c(i) = 270*i + 76941. Calculate c(-287).
-549
Let a(h) = 28647*h - 257689. What is a(9)?
134
Let q(o) = 8*o**2 - 901*o - 437. Calculate q(113).
-98
Let i(x) = -203108*x - 3655952. Calculate i(-18).
-8
Let m(f) = 40331*f - 725979. What is m(18)?
-21
Let p(r) = -110*r - 14826. Give p(-138).
354
Let f(x) = 3*x**3 - 85*x**2 - 503*x - 7. Calculate f(-5).
8
Let u(j) = -18315*j - 604393. Determine u(-33).
2
Let l(m) = -m**3 - 60*m**2 + 10546*m + 244. Determine l(77).
13
Let p(f) = 282*f**2 + 38072*f + 326. Calculate p(-135).
56
Let b(s) = -3920*s + 105835. Determine b(27).
-5
Let b(z) = 133643*z + 267301. Calculate b(-2).
15
Let b(u) = -13809*u - 14596107. Determine b(-1057).
6
Let n(s) = 2*s**3 + 178*s**2 + 1000*s - 147. Determine n(-6).
-171
Let z(f) = f**3 - 21*f**2 - 159*f + 3342. What is z(22)?
328
Let r(t) = -986*t**3 + 243*t**2 - 265*t + 20. Determine r(1).
-988
Let z(r) = -r**3 - 39*r**2 - 280*r + 2081. What is z(-22)?
13
Let a(i) = -17434*i - 1969997. What is a(-113)?
45
Let v(z) = -z**3 + 36*z**2 - 254*z + 478. Calculate v(3).
13
Let s(t) = 156*t**2 + 7550*t - 4614. Give s(-49).
-8
Let a(w) = -618*w**2 + 33369*w + 127. Give a(54).
-35
Let l(o) = -o**3 + 33*o**2 - 267*o + 11. Give l(26).
-2199
Let h(i) = 122704*i - 8711975. Determine h(71).
9
Let p(k) = -117*k**3 + 1634*k**2 + 50*k + 75. What is p(14)?
-9
Let k(c) = c**3 - c**2 - 247*c - 1256. Give k(-11).
9
Let c(x) = 3*x**3 - 24*x**2 + 482*x - 3238. What is c(7)?
-11
Let g(i) = -36*i**3 - 8279*i**2 + 231*i + 320. Determine g(-230).
90
Let d(c) = -1353*c**2 - 1731*c - 1731. Give d(-1).
-1353
Let l(n) = 2*n**3 + 21*n**2 - 56*n + 1234. Determine l(-15).
49
Let m(t) = 1537*t**3 - 5*t**2 + 915*t + 919. Give m(-1).
-1538
Let h(c) = 977*c**2 - 45960*c + 1902. Give h(47).
-25
Let x(r) = -2*r**3 + 203*r**2 + 156*r - 5472. What is x(102)?
36
Let w(b) = -3*b**3 - 38*b**2 - 696*b - 8102. Determine w(-12).
-38
Let s(b) = 2*b**3 - 176*b**2 + 3770*b + 3423. What is s(41)?
-21
Let d(w) = w**2 + 3607*w - 571374. What is d(152)?
-6
Let i(s) = s**3 - 22*s + 19. Calculate i(-5).
4
Let x(h) = 2*h**3 + 519*h**2 - 26695*h - 573. Give x(44).
-1
Let a(v) = -2*v**3 - 15*v**2 + 2283*v - 980. Give a(30).
10
Let v(l) = -3*l**2 + 1459*l + 72883. Give v(532).
-1
Let w(a) = -5910*a + 70944. Determine w(12).
24
Let s(t) = 22353*t + 312961. What is s(-14)?
19
Let f(h) = 1538*h + 18288. What is f(-12)?
-168
Let r(p) = -1165*p**2 + 1158*p - 4. What is r(1)?
-11
Let d(u) = u**2 - 2400*u - 15. Give d(0).
-15
Let n(i) = 698*i + 4706. Calculate n(-8).
-878
Let x(v) = -v**3 + 514*v**2 - 61959*v + 332. What is x(193)?
-826
Let y(b) = b**3 - 156*b**2 + 3967*b - 8. Give y(32).
-40
Let u(n) = -212*n**3 + n**2 + 87*n - 175. Determine u(2).
-1693
Let u(i) = 4*i**2 - 70*i - 50947. Calculate u(122).
49
Let j(y) = -17*y**2 - 1588*y - 25308. Calculate j(-73).
23
Let b(o) = -14*o**3 + 11*o**2 - 18*o + 21. What is b(3)?
-312
Let t(q) = 89316*q**2 + 1964951*q - 20. Determine t(-22).
2
Let f(o) = -89*o + 3653. Give f(39).
182
Let w(c) = 831*c - 10801. What is w(13)?
2
Let m(x) = x**3 + 918*x**2 + 1828*x - 3615. What is m(-916)?
49
Let q(h) = h**2 - 105*h - 6795. Give q(-51).
1161
Let f(l) = -l**2 + 1970*l + 53892. Calculate f(-27).
-27
Let s(p) = -2*p**3 - 3*p**2 + 182*p - 1. Calculate s(-10).
-121
Let l(j) = j**2 - 490*j - 56573. Give l(-96).
-317
Let t(y) = -737*y + 4850. What is t(6)?
428
Let k(q) = -22*q**2 + 153*q + 191. Determine k(8).
7
Let o(l) = -l**3 - 84*l**2 - 160*l + 521. Give o(-82).
193
Let q(g) = 689870*g - 689846. Determine q(1).
24
Let l(g) = 2219*g - 39937. Give l(18).
5
Let j(c) = 5*c**2 - 2269*c - 245344. Give j(544).
0
Let z(h) = 7002*h + 546161. Calculate z(-78).
5
Let p(k) = -10*k**2 - 97654*k + 488515. Determine p(5).
-5
Let r(a) = -a**3 + 31*a**2 + 239*a - 8596. Give r(29).
17
Let u(j) = j**3 - 417*j**2 + 5782*j - 2591593. Give u(418).
7
Let j(u) = u**3 + 13*u**2 - 1083*u - 3361. Calculate j(-3).
-22
Let r(p) = -34*p**2 - 53*p + 89. Determine r(-6).
-817
Let b(p) = -3*p**3 - 334*p**2 - 95*p + 1779. What is b(-111)?
3
Let a(v) = 3*v**3 - 8*v**2 - 57*v - 98. What is a(10)?
1532
Let j(i) = 18*i**2 - 6463*i - 25838. Calculate j(-4).
302
Let x(s) = 68*s**2 - 145*s - 517. What is x(-4)?
1151
Let y(u) = 1213*u + 145257. What is y(-120)?
-303
Let t(r) = -r**3 - 184*r**2 + 1500*r + 2159. Calculate t(9).
26
Let k(l) = -537*l + 18704. Calculate k(35).
-91
Let a(x) = 323*x + 88272. Determine a(-273).
93
Let r(c) = -1623*c - 817938. What is r(-504)?
54
Let j(a) = -a**3 - 318*a**2 - 1257*a - 278. What is j(-314)?
36
Let u(j) = 9423*j - 18831. Calculate u(2).
15
Let b(s) = -19*s**2 + 127*s - 539. Determine b(6).
-461
Let i(o) = 51514*o - 566652. Calculate i(11).
2
Let h(m) = 21189*m - 21184. Calculate h(1).
5
Let p(t) = 37*t**2 - 14835*t - 45662. What is p(404)?
-10
Let w(p) = -p**3 - 79*p**2 - 620*p + 716. Determine w(-70).
16
Let u(s) = -s**3 - 103*s**2 + 985*s + 356. What is u(9)?
149
Let w(f) = 3364*f + 86583. Give w(-26).
-881
Let v(k) = -74353*k + 594806. What is v(8)?
-18
Let o(r) = 9*r**2 - 631*r - 294. Determine o(70).
-364
Let t(u) = -71411*u + 142838. Give t(2).
16
Let u(c) = -11682*c + 3013950. What is u(258)?
-6
Let u(k) = -7*k**3 + 2664*k**2 - 19771*k + 767. Calculate u(373).
21
Let l(j) = 114255*j - 7. Determine l(0).
-7
Let u(d) = 985*d - 66991. Calculate u(68).
-11
Let l(w) = w**2 - 762*w - 710444. What is l(-544)?
20
Let o(r) = -30849*r + 23136754. What is o(750)?
4
Let j(r) = -1911*r - 9587. Determine j(-5).
-32
Let n(a) = a**2 + 24611*a + 123034. Determine n(-5).
4
Let c(t) = -139*t + 3069. Determine c(22).
11
Let x(a) = 4*a**2 + 87955*a + 263891. Determine x(-3).
62
Let c(b) = 14*b**2 - 926*b - 618. What is c(66)?
-750
Let l(k) = 2*k**3 + 7*k**2 + 1759*k + 8541. Give l(-5).
-329
Let i(x) = -1941*x + 69885. Determine i(36).
9
Let m(w) = 11*w**3 + 274*w**2 - 85*w - 1509. Determine m(-25).
-9
Let d(n) = -37482*n + 1012151. What is d(27)?
137
Let i(m) = 70*m**2 + 158*m + 146. Give i(-1).
58
Let l(q) = -26111*q - 156131. Calculate l(-6).
535
Let t(n) = 25580*n - 741789. Calculate t(29).
31
Let u(s) = 2*s**2 - 16845*s + 537032. What is u(32)?
40
Let r(c) = -c**2 - 72*c + 30467. What is r(-212)?
787
Let h(r) = -10*r**2 + 126*r + 1482. Calculate h(20).
2
Let y(x) = -x**3 - 31*x**2 - 3393*x - 84816. Calculate y(-26).
22
Let m(v) = -40815*v + 734408. Calculate m(18).
-262
Let v(i) = -2*i**3 - 124*i**2 - 102*i + 1156. What is v(-61)?
-64
Let d(u) = -86*u**2 + 3924*u + 1247. Determine d(46).
-225
Let q(l) = -l**3 - 48*l**2 + 720*l + 36. Calculate q(-60).
36
Let h(f) = 9049*f - 45293. What is h(5)?
-48
Let s(j) = 3*j**2 + 1849*j + 14554. Calculate s(-8).
-46
Let d(v) = 1637*v + 628608. Determine d(-384).
0
Let v(d) = 116*d**3 - 48*d**2 + 18*d + 18. What is v(1)?
104
Let o(a) = -2*a**2 - 4135*a + 155720. Give o(37).
-13
Let a(g) = -2*g**2 + 401*g + 1279. Calculate a(196).
3043
Let v(s) = 63*s**2 + 276*s - 1043. Determine v(4).
1069
Let g(y) = 2*y**2 - 261*y - 13257. Calculate g(-39).
-36
Let u(d) = 17*d**2 + 1769*d + 11148. Determine u(-6).
1146
Let h(q) = -q**3 + 581*q**2 - 3448*q - 10. What is h(6)?
2
Let w(h) = -h**3 + 7*h**2 + 83*h + 144. Calculate w(-2).
14
Let u(x) = -x**3 + 45*x**2 + 15*x + 1419. Determine u(46).
-7
Let l(w) = -2505*w + 24140. Calculate l(10).
-910
Let n(l) = l**3 - 30*l**2 - 39*l - 181. What is n(32)?
619
Let y(t) = -t**3 - 30*t**2 + 40*t + 1946. What is y(-23)?
-2677
Let a(c) = -21*c**2 - 94*c + 348. Give a(3).
-123
Let i(k) = 2*k**3 - 11*k**2 + 11*k + 120. Give i(7).
344
Let v(w) = 7*w**3 + 957*w**2 - 257*w + 2315. Calculate v(-137).
-14
Let l(s) = 90*s - 2787. Determine l(8).
-2067
Let m(q) = 3829*q + 18670. Calculate m(-5).
-475
Let g(q) = -20*q**2 - 90*q + 1755. Calculate g(-14).
-905
Let v(j) = 1003*j + 40929. Calculate v(-42).
-1197
Let n(g) = -22*g**2 + 1456*g - 10451. What is n(58)?
-11
Let r(m) = -1205*m**2 + 14477*m - 219. Determine r(12).
-15
Let k(f) = -6063*f - 363787. What is k(-60)?
-7
Let m(h) = 6*h**3 - 103*h**2 + 493*h - 5. Calculate m(5).
635
Let j(i) = 98*i - 3112. Determine j(28).
-368
Let l(i) = 410*i**2 - 3320*i + 294. Determine l(8).
-26
Let o(x) = x**2 - 373*x + 27025. Give o(107).
-1437
Let m(k) = k**3 + 29*k**2 - 1908*k - 